e first derivative of b(i). Give v(-6).
37
Let o(t) = -t**3 + 3*t**2 + 19*t - 10. Let g be o(6). Let b(i) = -3*i + 3. Let z(c) = c - 1. Let d(a) = g*b(a) - 10*z(a). Calculate d(-4).
-10
Let a(m) = 2*m**2 + 19*m + 19. Let p(n) = -n**3 + 11*n**2 + 57*n - 21. Let x be p(-4). What is a(x)?
10
Let u(h) = -2*h - 66. Let a(j) = -4*j - 136. Let b(m) = -4*a(m) + 9*u(m). What is b(-17)?
-16
Let j(z) = -z**3 + z**2 + 3*z + 2. Suppose 8*t - 8 = 8. Suppose -y + 4 = l, 0 = -3*l + t*l - 3*y. Let q be (9/2)/(9/l). What is j(q)?
-7
Let j(y) = -465*y - 9770. Let q be j(-21). Let s(r) = 14*r + 29. Let h(u) = -5*u - 10. Let a(n) = 17*h(n) + 6*s(n). Give a(q).
9
Let m = 12 + 20. Let u(c) = c**3 + 7*c**2 + 3*c - 1. Let j be u(-3). Let o = m - j. Let a(h) = h**3 - 7*h**2 + 5*h + 7. Calculate a(o).
1
Let d(p) = 3 + p**3 + 3 - 5 + 2 - 4*p. Let b be 2 - ((-5)/30*20 - -3)*0. Give d(b).
3
Let y = -26583 + 26610. Let n(c) = c**2 - 27*c + 10. Determine n(y).
10
Let r(v) = v + 5 - v - 5*v. Let d = 529897 + -529892. What is r(d)?
-20
Let a(o) = -25*o**3 + 26*o**2 - 47*o + 25. Let f(i) = 16*i**3 - 17*i**2 + 30*i - 16. Let w(h) = -7*a(h) - 11*f(h). Give w(4).
13
Suppose 69*h + 8*h + 87*h = 10*h. Let u(b) be the third derivative of 0*b + 1/6*b**3 - 1/24*b**4 + h + 19*b**2. What is u(7)?
-6
Let r(n) = -152*n + 377*n - 216*n + 113. Calculate r(-5).
68
Let y(p) = -13*p**2 + 24547*p + p**3 + 24556*p - 73636*p - 6 + 24554*p. Calculate y(10).
-96
Let t(c) = 2*c + 28. Let v = -71 + 89. Let y be t(v). Let r = -60 + y. Let k(u) = u**3 - 5*u**2 + u - 5. Determine k(r).
-17
Let s(o) = 8*o. Let y = -9225 - -9228. Determine s(y).
24
Let o(t) = -6*t - 8. Let g(d) = 4*d**2 - 43*d + 66. Let l be g(9). Give o(l).
-26
Suppose -g - 2 + 3 = 0. Let h = -347 + 417. Let o(t) = -h*t + 134*t - 71*t + 1. What is o(g)?
-6
Suppose -7*u - 2086 = -2121. Suppose -2 = -4*q - 2*o + 12, 25 = -u*o. Let c(x) = -x**3 + x**3 + 5 - x**3 + 5*x + 5*x**2. Calculate c(q).
-1
Let k be (-6)/((2/5)/((-3)/5)). Suppose 4*q = k - 1. Let z(c) = c**3 + 4*c**q - 4*c - 3*c**2 + 4*c - 3 + c. Give z(0).
-3
Let s(a) = 60*a**2 + 38*a + 2. Let h(n) = -2*n**2 - 2*n. Let g(j) = -26*h(j) - s(j). Give g(2).
-6
Let p(m) = m**2 + 9*m + 3. Let l be 27*64/(-96)*3/((-12)/(-2)). Give p(l).
3
Let i be (-13)/13*9 - -7. Let r(o) = 18*o. Give r(i).
-36
Let h = 518 + -909. Let p = h + 398. Let b(y) = -y**2 + 10*y - 19. Calculate b(p).
2
Let g(j) be the first derivative of -4*j**2 + 100*j + 5979. Determine g(14).
-12
Let u(w) = 3*w**3 + w**2 - 4*w - 2. Let n(q) = q**3 - q. Let p(h) = -11*n(h) + 4*u(h). Give p(-6).
-50
Let i(c) be the second derivative of c**4/12 - c**3/3 - 9*c**2/2 + 49*c + 1. Suppose -12*h - 18 = -78. Determine i(h).
6
Suppose 2*q = -3*r - 2, r = -5*q + 2*r + 29. Suppose 0 = -0*h + q*h + 5. Let m(n) = 15*n**3 + n**2 + n + 1. Calculate m(h).
-14
Let x = 40 + -28. Suppose -4*w = 4*i + x - 0, 2*w + 6 = 3*i. Let c(d) = -3*d**3 - d**2 + 2*d**3 - 2 + d**2 - 4*d**2 - 3*d. Determine c(w).
-2
Let u(g) = -20*g**2. Suppose 5*m - 9*m - 44 = 0. Let o(y) be the second derivative of -y**4/12 - 2*y**3 - 5*y**2 + 14*y - 16. Let w be o(m). Determine u(w).
-20
Let z be (-1164)/(-20) - (-1)/(-5) - 3. Let d = z + -52. Let f(t) = -4*t**2. Let j(c) = -c**2 - c + 1. Let y(n) = d*j(n) - f(n). Give y(4).
7
Let p(z) = 6*z - 32. Suppose -2*f - 83*x + 80*x = -25, -4*f = 4*x - 52. Calculate p(f).
52
Let i(j) = -40*j - 36*j + 4 + 115*j - 32*j. Suppose -3*p + 3 = -5*v + 2, 0 = -2*p + 5*v + 4. Determine i(p).
-17
Let m(n) = -3*n - 3. Suppose 2*j + 2*j + k - 1928 = 0, 2*k = -j + 489. Suppose 35 = -j*f + 474*f. Give m(f).
12
Let p(m) = 3*m - 2*m - 13 + 2. Let a be (-300)/(-8)*16/56 + (-10)/(-35). Calculate p(a).
0
Let u(f) = 307 + 42*f + 6*f**2 - 5*f**2 + 256 - 618 + f**2. Calculate u(-23).
37
Let o(a) = -a**2 - a - 8. Let w(j) = -j**3 + 8*j**2 - 9*j + 14. Let h(d) = 0*d + 0 - 3 - 4 - d. Let q be h(-14). Let k be w(q). Calculate o(k).
-8
Suppose 22 = 4*g + 3*q - q, -5*g = 4*q - 35. Suppose -g*w + 16 - 7 = 0. Let r(i) = 18*i - 3*i**2 + 0*i**2 - i**w - 16*i - 1 + 5. What is r(-3)?
-2
Let i(y) = 28*y**2 - 3*y + 50. Let t(g) = -10*g**2 + g - 17. Let m(s) = 6*i(s) + 17*t(s). What is m(-4)?
-17
Suppose 2*k = -3*t - 4, -2*t + 5*k = -5*t - 10. Let b(c) = 0*c**3 - c**3 + 11 + t*c + 12 - 3*c**2 - 20 + 6*c. What is b(-4)?
-5
Let l = -41 + 44. Suppose -u = -l*j - 8, 5*u = u + 2*j - 8. Let r(w) be the second derivative of -w**4/12 + 5*w**2/2 - 2*w. Determine r(u).
-11
Let v(u) = 18 + 2*u + 57 - 74. Let n(z) = z - 24. Let s be n(23). Give v(s).
-1
Let w(t) = 24*t + 54. Let g = 22210 + -22212. Determine w(g).
6
Let t(p) be the third derivative of p**6/120 + 11*p**5/60 - p**4 + 7*p**3/2 + 8798*p**2. Determine t(-13).
-5
Let b(d) be the first derivative of d**4/4 - d**3 + d**2/2 + d + 44. Determine b(3).
4
Let b(d) = 3*d**2 - 9*d + 7. Let y be (4/(-3))/(((-1300)/30)/65). Determine b(y).
1
Let l(a) = -a**2 - 3*a + 9. Let p be 9/(-5)*(10/6)/((-19)/(-171)). Let i = 21 + -1. Let s = i + p. Determine l(s).
-19
Suppose -5*w + 3*w = -4. Let q(h) = -w - h - 2 + 5. Let t(c) = 57*c + 10030. Let x be t(-176). Determine q(x).
3
Let t(l) = -l**2 + 3*l - 7. Let s(f) be the second derivative of -13*f**3/3 + 55*f**2/2 + 48*f. Let b be s(2). Determine t(b).
-7
Let s(a) = a**2 + 17*a + 4. Let y be s(-17). Let n be -41 - -34 - (y*1)/(-2). Let m(l) = l**3 + 4*l**2 - 6*l. Give m(n).
5
Let c(a) = 4*a - 17. Let f(m) = -8*m**2 + 47*m - 66. Let v be f(3). Give c(v).
-5
Let d be (2 - 6) + 55/(-4 - -9). Let a(x) be the second derivative of -x**5/20 + x**4/2 + 7*x**3/6 - x - 22. Determine a(d).
0
Let p(m) be the third derivative of -m**6/60 + 11*m**5/60 + 41*m**4/24 - 2*m**3 - 1649*m**2. Calculate p(8).
-4
Let o = -72 - -216. Let f = -140 + o. Let v(h) = -h**2 + 3*h. Calculate v(f).
-4
Let h be 46 - (-5)/6*-6. Suppose -21*l + 125 = h. Let d(q) = -3*q**3 - 2*q**3 + 4*q**3 - 3 + 3*q + 3*q**2 + q. Calculate d(l).
-3
Let d(v) = v**3 - v**2 - 2*v. Let o be d(-1). Let l(k) be the second derivative of -k + 1/6*k**3 + 0*k**2 + 0. What is l(o)?
0
Let a(i) = -i**3 - 5*i**2 + 2*i. Let f(k) = 2*k**2 - 39*k - 95. Let y be f(25). Let s be 2/15 + (-1104)/y. Give a(s).
24
Let k(n) be the first derivative of n**2/2 - 12*n + 398658. Let s = 16 - 8. What is k(s)?
-4
Let h(d) = 28*d - 83. Let x = -413 + 417. Calculate h(x).
29
Suppose 0 = -86*t - 17*t + 253 - 47. Let p(j) = -11*j + 22. Determine p(t).
0
Let v(c) be the first derivative of c**5/20 - c**4/2 - c**3/2 - 3*c**2 + 29*c + 55. Let w(p) be the first derivative of v(p). Give w(6).
-24
Let x(t) be the first derivative of t**2 - 2*t + 8245. Let p = 5 - 0. Suppose 0 = -2*f + 9 + p. Calculate x(f).
12
Suppose 0 = -8*c + 149 - 53. Suppose -138 + 30 = c*j. Let v(a) = 2*a + 15. What is v(j)?
-3
Let v(l) = l**2 + 9*l + 6. Let g(u) = -u**3 + 7*u**2 + u - 13. Let i be g(7). Let n = -32 + 22. Let m be i/n + 228/(-30). What is v(m)?
-8
Let n(a) = 3263*a + 16293. Let u be n(-5). Let f(y) = -19*y - 423. Give f(u).
-5
Let c(h) = 12*h**2 - 6*h - 1. Let f be (-2)/(-1) + (-5 - -9). Let s(x) be the first derivative of x**2/2 + 71. Let i(l) = f*s(l) + c(l). What is i(1)?
11
Let s(m) = -3*m - 63. Let p be s(-22). Let h(w) be the third derivative of 0*w - 26*w**2 + 1/60*w**5 + 0 - 1/12*w**4 + 1/6*w**3. Determine h(p).
4
Let k(j) = 0*j**2 - 5*j - 2 + j**2 + 0*j + 0. Let w be k(5). Let t(u) be the first derivative of -2*u**3/3 - 2*u - 243. Calculate t(w).
-10
Let c(q) = -169*q - 1. Let t(b) = -41*b - 1. Let y(x) = 2*c(x) - 9*t(x). Calculate y(-1).
-24
Let z(s) be the third derivative of 3*s**4/8 - 34*s**3 + 2559*s**2. Determine z(22).
-6
Let r(x) be the third derivative of -x**5/30 + x**4/24 - x**3/6 - 2*x**2 - 577*x. Give r(-1).
-4
Let d(q) = -q**2 - 12*q + 3. Let x(v) = -v**2 - 12*v + 3. Let f(l) = -l**2 - 12*l + 43. Let k be f(3). Let t(j) = k*d(j) + 3*x(j). Calculate t(-12).
3
Let j(h) = 2*h**2 - h. Let z(o) = -o**3 + 9*o**2 - o - 6. Let s(f) = 2*j(f) - z(f). Determine s(3).
-15
Let u(m) = -m. Let l(s) = 4*s + 3. Let g be (2/(-6))/(2/6). Suppose 2*i = 3*f - 3, 126*i - 121*i + 3*f = -18. Let a(n) = g*l(n) + i*u(n). Give a(-8).
5
Let l(t) = -t**2 + 8*t + 2. Let z be 0 - ((-21)/(-2))/((-2)/4). Suppose 4*o = z + 11. Determine l(o).
2
Suppose -96 = 135*r - 111*r. Let g(m) = m**3 + 5*m**2 - 8*m